(f) = -f**2 + 4*f - 4. Suppose -5*a = 4*r - 6, 0*a - 2*a + 8 = -4*r. Let z(i) = r*d(i) - 4*c(i). Suppose -99*u + 1746 = 192*u. Give z(u).
-12
Let m(j) = 12660 - 17*j - 37966 + 12642 + 12591. Give m(-4).
-5
Let i(x) = 2*x**2 + 2. Let r(n) = -5 + 38 - 8 - 7 - 8 - n. Suppose 3*t - 30 + 6 = 0. Let p be r(t). Determine i(p).
10
Let h(c) = c**3 + c**2 + c + 12. Let l be 3/8*(4 + -2)*-188. Let b = l + 141. Determine h(b).
12
Suppose 0 = 184*p - 192*p - 16. Let r(i) = -4*i + i + 4*i. Let q(g) = 6*g. Let c(w) = p*r(w) + q(w). Calculate c(3).
12
Let z(s) = -s**2 - 3*s + 3. Let t(j) = 3*j**2 - 8*j - 2. Let y be t(4). Suppose 2*u + 3*w = -w + y, 4 = -w. Suppose -u = 5*f + 15. Calculate z(f).
-15
Let w(f) be the first derivative of -f**5/60 - f**4/3 - 7*f**3/6 - f**2/2 - 97. Let u(c) be the second derivative of w(c). Give u(-6).
5
Let k(h) = -7*h + 13. Let o(l) = -l**3 + 6*l**2 + 8*l + 7. Let p be o(7). Let g be p/8 - 19/(-76). Calculate k(g).
-1
Let d be (122/12 - 3/6)/(113/(-339)). Let u(x) = 21*x + 604. Determine u(d).
-5
Let g(n) = 5*n**2 - 54*n - 29. Let s(l) = 3*l**2 - 34*l - 17. Let i(m) = -5*g(m) + 8*s(m). Give i(8).
-71
Suppose -154*c + 143*c + 22 = 0. Let a(u) = 4 + 14*u - 3 - 8*u + 0 - 4 + u**c. Calculate a(-4).
-11
Let m(f) = 6*f - 23. Let x be 2 - ((-396)/1386 - (0 - 66/(-14))). Give m(x).
19
Let g(s) = -67*s + 3005. Let u be g(45). Let l(v) = 13*v + 30. Calculate l(u).
-100
Let o(b) = 426*b + 989. Let i(f) = 770*f + 1780. Let q(a) = -16*i(a) + 29*o(a). What is q(-7)?
-37
Let b(h) = -h**3 + h**2. Let a(i) = -4*i**3 + 13*i**2 - 3. Let n(x) = -a(x) + 3*b(x). Let l be 24238/(-42) + (-50)/(-525). Let d = -567 - l. Determine n(d).
3
Let m(x) = -2*x**3 - 2*x**2 + 5*x - 2. Let c = 623 - 621. Determine m(c).
-16
Let m(q) = -2*q - 24. Let w = -12172 - -12177. Give m(w).
-34
Let u(w) = -w**2 - 4*w - 18. Let c be u(-8). Let t = -43 - c. Let y(h) = -9*h + t + 10*h + 5 - 5. What is y(-7)?
0
Let r be 0*((-3)/(-15) - (-114)/(-95)). Let l(m) = -m**3 - m**2 + 2*m - 56. Determine l(r).
-56
Let f(q) = q**3 - 4*q**2 - 11*q - 60. Let a be (-34)/(-4) + -2 + 374/748. Calculate f(a).
10
Let c(r) = 11*r + 5. Suppose -1 = 2*x + 5*f, 23*x + 2*f = 24*x - 13. Calculate c(x).
82
Let r(c) = 190*c + 1890. Let v be r(-10). Let x(l) = -29*l + 6 + 45*l - 26*l - l**2. Calculate x(v).
6
Let u(s) = -s**2 - 8*s + 6. Suppose 4*n + 72 - 52 = 0. Let o be (4/10)/(n - (-297)/60). Give u(o).
6
Let g(a) be the second derivative of a**7/2520 + 11*a**6/720 + 13*a**5/120 + 9*a**4/2 + 85*a. Let k(f) be the third derivative of g(f). Determine k(-9).
-5
Suppose -r = -0*r + 2*v + 12, 4*r - v = -3. Let c = r + -4. Let k(p) = p - 20. Let x(o) = -o + 27. Let q(h) = 5*k(h) + 4*x(h). What is q(c)?
2
Suppose -13 = 7*g + 22. Let o(v) be the first derivative of 6*v + 1/4*v**4 + 5/3*v**3 - 13 + 3/2*v**2. What is o(g)?
-9
Let c(m) be the second derivative of m**4/12 - 3*m**3/2 + 15*m**2/2 - 2*m + 20. What is c(3)?
-3
Let m(t) = -3*t**2 - 8*t + 4. Let q(n) = n**2 - 5*n - 1. Let j(u) = -m(u) + 2*q(u). What is j(3)?
33
Let m(a) = -a**2 - 2*a + 2. Let w(y) = 8*y**2 - y**3 + 2*y + 10 + 33 - 47 + 69. Let o be w(9). Determine m(o).
-6
Let k be 26/2 + 1 + 0. Let g(b) = 12 - k + 0*b + 2*b. Let h be g(4). Let s(d) = -d**3 + 6*d**2 + 4*d - 9. What is s(h)?
15
Let l(s) be the first derivative of -s**4/4 - 7*s**3/3 - 3*s**2 + 3*s + 6. Suppose -22 = 42*g + 262 - 32. Determine l(g).
3
Let a(f) = -3*f + 3. Let i(t) = 9*t**2 + 3*t - 2. Let l be i(-3). Suppose -5*y + l = -10*y. Let v = y - -17. Calculate a(v).
-6
Let m(p) = p**3 + 6*p**2 + p - 5. Suppose -5*y + 27 = -2*y. Let u = y - -1. Suppose 5*c + 26 = -4*x, -3*c - 5 - u = 3*x. Calculate m(c).
-11
Let c be 100/12 + (16/1)/(-27 - -25). Let w(b) be the third derivative of -b**3 - 1/60*b**5 + 0 - 23*b**2 + 0*b + c*b**4. Determine w(8).
-6
Let q(b) be the second derivative of b**4/12 - 7*b**3/6 + b**2 + 2*b. Let j be -4 + (3*32/3 - 3). Suppose -7*l + j = -2*l. Determine q(l).
-8
Let t(b) = 6*b - 34 - 9*b**2 + 20*b**2 - 18*b**2 + 33. Let w(j) = 6*j**2 - 6*j + 2. Let a be (-3 - 1)/(2/3). Let d(o) = a*w(o) - 5*t(o). What is d(6)?
-7
Let d be (-85)/68 - 9/(-4). Let n(r) = -1. Let z(l) = 13*l + 7. Let q(u) = -6*n(u) - z(u). Determine q(d).
-14
Let m(r) = 66476*r - 33240*r + r**2 - 2 - 33234*r + 3 - 4. What is m(-2)?
-3
Let h be 1/((-12)/(-15))*-4. Let n be (-15336)/(-198) + 18/33. Let p(x) = -3 - n*x - 76*x + 226*x - 74*x. What is p(h)?
7
Let c(s) = 10*s - 210. Let d be c(20). Let k(z) = z**2 + 11*z - 1. Let y(g) = 5*g**2 + 56*g - 5. Let l(r) = -11*k(r) + 2*y(r). Give l(d).
-9
Let q(i) = -i**2 + 19*i - 40. Let t = -16239 - -16258. Give q(t).
-40
Let f(n) = -n**2 - 12*n + 19. Suppose 597 = 101*t + 353 + 1961. Determine f(t).
-66
Let a be (0 + 2)/(1*-1). Let s(p) be the second derivative of 0 + 33*p - 1/12*p**4 - 2/3*p**3 - 1/2*p**2. What is s(a)?
3
Let u(i) = 7*i - 8. Suppose 3*j + 1 + 2 = 0. Let k(z) = -z + 1. Let a(n) = j*u(n) - 3*k(n). Suppose -30*v + 37*v - 4*y - 22 = 0, 2*v = 5*y - 13. Calculate a(v).
-19
Let z(g) be the second derivative of 1/12*g**4 + 1/2*g**3 - 3*g**2 - 7*g - 5. Let v be (4/6)/(4/(-30)). Calculate z(v).
4
Let a(o) = 2*o**2 - 37*o - 16. Suppose 3*v + 3*i = 84, 8*v - 12*v - 2*i = -94. Give a(v).
3
Let i be ((-18)/(-36))/((-88)/32) + 163/(-11). Let f(x) = -x**2 - 12*x + 43. Calculate f(i).
-2
Suppose 2*d - 17 = 5*w, 16*d - 548 + 456 = -4*w. Let y(i) be the second derivative of i**3/6 - 9*i**2/2 - i. Determine y(d).
-3
Let y be (-63)/9 + 1 + 3. Let v = -15 - -23. Let o(w) = -w - 7 + v + 3*w. Determine o(y).
-5
Let d(v) be the third derivative of -v**5/30 - v**4/4 + 7*v**3/3 + 4346*v**2. Calculate d(-5).
-6
Let t(i) = i**2 - 9*i + 3. Suppose -v + 4 = -2*a, a - 3 = -2*v - 5. Let m be a/7 + (-477)/21 + 0. Let r = m - -28. What is t(r)?
-17
Let p(h) = -h**3 - 9*h**2 - 16*h + 2. Let i(x) = -845*x - 11835. Let s be i(-14). Determine p(s).
-18
Let z(g) be the second derivative of -13*g**3/6 + 3*g**2/2 - 609*g. Determine z(3).
-36
Let g = -47 + 63. Let t = -13 + g. Suppose 0 = 5*h - 10, -h + 8 = -t*i - 6*h. Let w(r) = r + 4. What is w(i)?
-2
Let g(x) = -x**3 + 17*x**2 - 17*x - 12. Suppose -44*q - 27*q - 81*q + 2432 = 0. Calculate g(q).
-28
Let b(w) = 0 + 7 - 4871*w**3 - 6*w + 4872*w**3 + 7 - 3 + 5*w**2. Calculate b(-6).
11
Let g(w) = w**2 - 3*w + 4. Suppose 7*v = -799 - 503. Let z = v - -189. What is g(z)?
4
Let f(l) = 144*l - 13 - 24*l - 61*l - 36*l. What is f(-4)?
-105
Let d(s) = -11*s - 20*s + 36*s - 1 + 7 - 17*s. What is d(2)?
-18
Let w(v) = -113*v**2 + 22*v - 18. Let m(q) = -48*q**2 + 12*q - 8. Let h(u) = -7*m(u) + 3*w(u). Determine h(-3).
29
Let d(z) = -z**2 + 4*z - 5. Let o be 672/(-42)*(-130)/(-4). Let c = -515 - o. What is d(c)?
-10
Let x(b) be the second derivative of -b**4/6 + 17*b**3/6 - 3*b**2 - 342*b. What is x(11)?
-61
Let z(a) = a**3 - 4*a**2 - 4*a - 4. Suppose 0 = -3*o - y + 8, 7*y - 3*y = -4. Suppose o + 21 = 4*l. Suppose 0 = l*h + 20 - 50. Calculate z(h).
1
Let b = 1 + 7. Let l be 1/(b/10 + -1). Let d(w) be the first derivative of -w**2/2 + 7*w + 33240. What is d(l)?
12
Suppose 3*p - 2271 = -5*q, 57*p - 53*p - 1356 = -3*q. Suppose q = 2*j + 466. Let m(h) = -h**3 - 6*h**2 + 2*h + 4. Give m(j).
-31
Suppose -111*o - 85*o - 1170 = 194*o. Let d(j) = -2*j**3 - 6*j**2 + 9*j + 22. Determine d(o).
-5
Let a(k) = k**3 - 6*k**2 + 5*k + 4. Let y(x) = 2*x**3 - 27*x**2 - 3*x - 12. Let f be y(13). Let q = f - -224. Determine a(q).
-8
Let j(q) = -q**3 + 2*q**2 + 9*q - 5. Let r be (65/13)/35*28. Calculate j(r).
-1
Let t(r) be the first derivative of -5*r**4/6 + r**3/6 - r**2/2 - 20*r - 46. Let k(u) be the first derivative of t(u). Give k(1).
-10
Let l(a) = -a**3 + 8*a - 3. Suppose 18*y - 13*y = 0, 0 = 3*j + 4*y - 87. Suppose 3*m = -15*i + 14*i + 4, -j = -3*m + 4*i. What is l(m)?
-6
Let s(t) = t**3 - 5*t**2 + 4. Let m = -166 + 167. Let z be -6 - -7 - (m + -5). What is s(z)?
4
Let j(t) be the second derivative of -t**4/12 - 5*t**3/6 + 3*t**2 - 2*t + 16. What is j(-5)?
6
Let w(f) be the second derivative of 4*f**3/3 - 235*f**2/2 + 10542*f. Give w(29).
-3
Let u(x) = -5*x**3 + 2*x**2 - 4*x + 13. Let y be u(3). Let s = 195 + y. Let q = -72 + s. Let o(f) = f - 5. Give o(q).
2
Let p(m) be the second derivative of 5*m**3/3 - 28*m**2 - m + 29. What is p(7)?
14
Let l(a) 